{"id":147,"date":"2019-06-06T20:19:09","date_gmt":"2019-06-06T18:19:09","guid":{"rendered":"http:\/mpk_site\/serwer1924129.home.pl\/?page_id=147"},"modified":"2026-01-15T12:12:12","modified_gmt":"2026-01-15T11:12:12","slug":"praca","status":"publish","type":"page","link":"https:\/\/www.mpk.swidnica.pl\/index.php\/praca\/","title":{"rendered":"Praca"},"content":{"rendered":"\t\t<div data-elementor-type=\"wp-post\" data-elementor-id=\"147\" class=\"elementor elementor-147\" data-elementor-settings=\"[]\">\n\t\t\t\t\t\t<div class=\"elementor-inner\">\n\t\t\t\t\t\t\t<div class=\"elementor-section-wrap\">\n\t\t\t\t\t\t\t<section class=\"elementor-section elementor-top-section elementor-element elementor-element-4918581 elementor-section-stretched elementor-section-boxed elementor-section-height-default elementor-section-height-default\" data-id=\"4918581\" data-element_type=\"section\" data-settings=\"{&quot;stretch_section&quot;:&quot;section-stretched&quot;}\">\n\t\t\t\t\t\t<div class=\"elementor-container elementor-column-gap-default\">\n\t\t\t\t\t\t\t<div class=\"elementor-row\">\n\t\t\t\t\t<div class=\"elementor-column elementor-col-100 elementor-top-column elementor-element elementor-element-eb234fd\" data-id=\"eb234fd\" data-element_type=\"column\">\n\t\t\t<div class=\"elementor-column-wrap\">\n\t\t\t\t\t\t\t<div class=\"elementor-widget-wrap\">\n\t\t\t\t\t\t\t\t<\/div>\n\t\t\t\t\t<\/div>\n\t\t<\/div>\n\t\t\t\t\t\t\t\t<\/div>\n\t\t\t\t\t<\/div>\n\t\t<\/section>\n\t\t\t\t<section class=\"elementor-section elementor-top-section elementor-element elementor-element-335ab2c elementor-section-boxed elementor-section-height-default elementor-section-height-default\" data-id=\"335ab2c\" data-element_type=\"section\">\n\t\t\t\t\t\t<div class=\"elementor-container elementor-column-gap-default\">\n\t\t\t\t\t\t\t<div class=\"elementor-row\">\n\t\t\t\t\t<div class=\"elementor-column elementor-col-100 elementor-top-column elementor-element elementor-element-d3da84a\" data-id=\"d3da84a\" data-element_type=\"column\">\n\t\t\t<div class=\"elementor-column-wrap elementor-element-populated\">\n\t\t\t\t\t\t\t<div class=\"elementor-widget-wrap\">\n\t\t\t\t\t\t<div class=\"elementor-element elementor-element-87d356c elementor-widget elementor-widget-toggle\" data-id=\"87d356c\" data-element_type=\"widget\" data-widget_type=\"toggle.default\">\n\t\t\t\t<div class=\"elementor-widget-container\">\n\t\t\t\t\t<div class=\"elementor-toggle\" role=\"tablist\">\n\t\t\t\t\t\t\t<div class=\"elementor-toggle-item\">\n\t\t\t\t\t<div id=\"elementor-tab-title-1421\" class=\"elementor-tab-title\" data-tab=\"1\" role=\"tab\" aria-controls=\"elementor-tab-content-1421\">\n\t\t\t\t\t\t\t\t\t\t\t\t<span class=\"elementor-toggle-icon elementor-toggle-icon-left\" aria-hidden=\"true\">\n\t\t\t\t\t\t\t\t\t\t\t\t\t\t\t<span class=\"elementor-toggle-icon-closed\"><i class=\"fas fa-caret-right\"><\/i><\/span>\n\t\t\t\t\t\t\t\t<span class=\"elementor-toggle-icon-opened\"><i class=\"elementor-toggle-icon-opened fas fa-caret-up\"><\/i><\/span>\n\t\t\t\t\t\t\t\t\t\t\t\t\t<\/span>\n\t\t\t\t\t\t\t\t\t\t\t\t<a href=\"\" class=\"elementor-toggle-title\">OG\u0141OSZENIE - PRACA DLA KIEROWC\u00d3W<\/a>\n\t\t\t\t\t<\/div>\n\t\t\t\t\t<div id=\"elementor-tab-content-1421\" class=\"elementor-tab-content elementor-clearfix\" data-tab=\"1\" role=\"tabpanel\" aria-labelledby=\"elementor-tab-title-1421\"><p class=\"MsoNormal\"><span style=\"font-size:12.0pt;line-height:115%;font-family:\n&quot;Times New Roman&quot;,serif\">W zwi\u0105zku z dynamicznym rozwojem firmy, Miejskie\nPrzedsi\u0119biorstwo Komunikacyjne \u201e\u015awidnica\u201d Sp. z o.o., poszukuj\u0119 os\u00f3b do <b>kierowania autobusem<\/b>.<o:p><\/o:p><\/span><\/p><p class=\"MsoNormal\"><span style=\"font-size:12.0pt;line-height:115%;font-family:\n&quot;Times New Roman&quot;,serif\">&nbsp;<\/span><\/p><p class=\"MsoNormal\"><span style=\"font-size:12.0pt;line-height:115%;font-family:\n&quot;Times New Roman&quot;,serif\">Od kandydat\u00f3w\/ek oczekujemy:<o:p><\/o:p><\/span><\/p><ul style=\"margin-top:0cm\" type=\"disc\">\n <li class=\"MsoNormal\"><span style=\"font-size:\n     12.0pt;line-height:115%;font-family:&quot;Times New Roman&quot;,serif\">Prawo jazdy\n     kat. D, DE<o:p><\/o:p><\/span><\/li>\n <li class=\"MsoNormal\"><span style=\"font-size:\n     12.0pt;line-height:115%;font-family:&quot;Times New Roman&quot;,serif\">&nbsp;Za\u015bwiadczenia o uko\u0144czonym kursie dla\n     kierowc\u00f3w na przew\u00f3z os\u00f3b<o:p><\/o:p><\/span><\/li>\n <li class=\"MsoNormal\"><span style=\"font-size:\n     12.0pt;line-height:115%;font-family:&quot;Times New Roman&quot;,serif\">Aktualnego\n     za\u015bwiadczenia o niekaralno\u015bci<o:p><\/o:p><\/span><\/li>\n <li class=\"MsoNormal\"><span style=\"font-size:\n     12.0pt;line-height:115%;font-family:&quot;Times New Roman&quot;,serif\">Aktualnego\n     orzeczenia lekarskiego, psychologicznego i bada\u0144 do cel\u00f3w\n     sanitarno-epidemiologicznych<o:p><\/o:p><\/span><\/li>\n <li class=\"MsoNormal\"><span style=\"font-size:\n     12.0pt;line-height:115%;font-family:&quot;Times New Roman&quot;,serif\">Dyspozycyjno\u015bci<o:p><\/o:p><\/span><\/li>\n <li class=\"MsoNormal\"><span style=\"font-size:\n     12.0pt;line-height:115%;font-family:&quot;Times New Roman&quot;,serif\">Odporno\u015bci na\n     stres<o:p><\/o:p><\/span><\/li>\n <li class=\"MsoNormal\"><span style=\"font-size:\n     12.0pt;line-height:115%;font-family:&quot;Times New Roman&quot;,serif\">Wysokiej\n     kultury osobistej<o:p><\/o:p><\/span><\/li>\n<\/ul><p class=\"MsoNormal\"><span style=\"font-size:12.0pt;line-height:115%;font-family:\n&quot;Times New Roman&quot;,serif\">W zamian oferujemy:<o:p><\/o:p><\/span><\/p><ul style=\"margin-top:0cm\" type=\"disc\">\n <li class=\"MsoNormal\"><span style=\"font-size:\n     12.0pt;line-height:115%;font-family:&quot;Times New Roman&quot;,serif\">Stabilne\n     warunki pracy w firmie z wieloletni\u0105 tradycj\u0105<o:p><\/o:p><\/span><\/li>\n <li class=\"MsoNormal\"><span style=\"font-size:\n     12.0pt;line-height:115%;font-family:&quot;Times New Roman&quot;,serif\">Zatrudnienie\n     w oparciu o umow\u0119 o prac\u0119 <o:p><\/o:p><\/span><\/li>\n <li class=\"MsoNormal\"><span style=\"font-size:\n     12.0pt;line-height:115%;font-family:&quot;Times New Roman&quot;,serif\">Pakiet\n     socjalny wspieraj\u0105cy wypoczynek pracownik\u00f3w<o:p><\/o:p><\/span><\/li>\n <li class=\"MsoNormal\"><span style=\"font-size:\n     12.0pt;line-height:115%;font-family:&quot;Times New Roman&quot;,serif\">Preferencyjne\n     warunki korzystania z us\u0142ug w\u0142asnych<o:p><\/o:p><\/span><\/li>\n <li class=\"MsoNormal\"><span style=\"font-size:\n     12.0pt;line-height:115%;font-family:&quot;Times New Roman&quot;,serif\">Nowe i\n     nowoczesne autobusy<o:p><\/o:p><\/span><\/li>\n<\/ul><p class=\"MsoNormal\"><span style=\"font-size:12.0pt;line-height:115%;font-family:\n&quot;Times New Roman&quot;,serif\">&nbsp;<\/span><\/p><p class=\"MsoNormal\"><span style=\"font-size:12.0pt;line-height:115%;font-family:\n&quot;Times New Roman&quot;,serif\">Osoby zainteresowane prosimy o przes\u0142anie aplikacji\nwraz ze zgod\u0105 na przetwarzanie danych osobowych na adres mail: <a href=\"mailto:sekretariat@mpk.swidnica.pl\">sekretariat@mpk.swidnica.pl<\/a> lub\nMiejskie Przedsi\u0119biorstwo Komunikacyjne \u201e\u015awidnica\u201d Sp. z o.o. ul. In\u017cynierska\n6, 58-100 \u015awidnica.<o:p><\/o:p><\/span><\/p><p class=\"MsoNormal\"><o:p>&nbsp;<\/o:p><\/p><p class=\"MsoNormal\"><o:p>&nbsp;<\/o:p><\/p><p class=\"MsoNormal\"><o:p>&nbsp;<\/o:p><\/p><p class=\"MsoNormal\"><o:p>&nbsp;<\/o:p><\/p><p class=\"MsoNormal\"><o:p>&nbsp;<\/o:p><\/p><p class=\"MsoNormal\"><b><i><span style=\"font-size:10.0pt;line-height:115%\">Klauzula informacyjna o\nprzetwarzaniu danych osobowych<o:p><\/o:p><\/span><\/i><\/b><\/p><p class=\"MsoNormal\"><i><span style=\"font-size:10.0pt;line-height:115%\">Administratorem danych osobowych\nzebranych w trakcie procesu rekrutacji b\u0119dzie Miejskie Przedsi\u0119biorstwo\nKomunikacyjne \u201e\u015awidnica\u201d Sp. z o. o. z siedzib\u0105 w \u015awidnicy (58-100) przy ul.\nIn\u017cynierskiej 6, zarejestrowana w Rejestrze Przedsi\u0119biorc\u00f3w prowadzonym przez\nS\u0105d Rejonowy dla Wroc\u0142awia-Fabrycznej we Wroc\u0142awiu, IX Wydzia\u0142 Gospodarczy pod\nnumerem KRS: 0000217735, NIP: 8842501652, REGON: 891524718. <o:p><\/o:p><\/span><\/i><\/p><p class=\"MsoNormal\"><i><span style=\"font-size:10.0pt;line-height:115%\">Kontakt z Inspektorem Ochrony Danych\nw sprawach zwi\u0105zanych z ochron\u0105 danych mo\u017cliwy jest pod adresem email <a href=\"mailto:sekretariat@mpk.swidnica.pl\">sekretariat@mpk.swidnica.pl<\/a>.<o:p><\/o:p><\/span><\/i><\/p><ul style=\"margin-top:0cm\" type=\"disc\">\n <li class=\"MsoNormal\"><i><span style=\"font-size:10.0pt;line-height:115%\">Dane osobowe\n     Kandydat\u00f3w b\u0119d\u0105 przetwarzane w celu przeprowadzenia procesu\n     rekrutacyjnego:<o:p><\/o:p><\/span><\/i><\/li>\n<\/ul><p class=\"MsoNormal\"><i><span style=\"font-size:10.0pt;line-height:115%\">&#8211; na \u017c\u0105danie Kandydata do pracy przez\nco rozumie si\u0119 otrzymanie przez Administratora CV\/listu motywacyjnego, dane\nosobowe b\u0119d\u0105 przetwarzane w celu przeprowadzenia obecnego post\u0119powania\nrekrutacyjnego w zakresie wskazanym w przepisach prawa pracy (art. 6 ust. 1\nlit. b RODO), natomiast inne dane, w tym dane do kontaktu, na podstawie zgody\n(art. 6 ust. 1 lit. a RODO), kt\u00f3ra mo\u017ce zosta\u0107 odwo\u0142ana w ka\u017cdym czasie.<o:p><\/o:p><\/span><\/i><\/p><p class=\"MsoNormal\"><i><span style=\"font-size:10.0pt;line-height:115%\">&#8211; w celu realizacji przysz\u0142ych\nproces\u00f3w rekrutacji \u2013 w razie wyra\u017cenia zgody na przetwarzanie danych w tym\ncelu (art. 6 ust. 1 lit. a RODO). <o:p><\/o:p><\/span><\/i><\/p><p class=\"MsoNormal\"><i><span style=\"font-size:10.0pt;line-height:115%\">&#8211; je\u015bli w dokumentach zawarte s\u0105 dane\no charakterze wra\u017cliwym, o kt\u00f3rych mowa w art. 9 ust. 1 RODO, konieczna jest\nzgoda Kandydata na ich przetwarzanie (art. 6 ust. 1 lit. a RODO).<o:p><\/o:p><\/span><\/i><\/p><p class=\"MsoNormal\"><i><span style=\"font-size:10.0pt;line-height:115%\">\u2022&nbsp;&nbsp;&nbsp;&nbsp;&nbsp;&nbsp;&nbsp;&nbsp;&nbsp;&nbsp;&nbsp;&nbsp; Dane\nosobowe b\u0119d\u0105 przetwarzane przez Administratora przez czas trwania procesu\nrekrutacyjnego, chyba \u017ce Kandydat wyrazi\u0142 zgod\u0119 na przetwarzanie danych w celu\nprzysz\u0142ych proces\u00f3w rekrutacji, jednak\u017ce nie d\u0142u\u017cej ni\u017c przez okres 3 lat&nbsp; od dnia ich pozyskania lub do momentu\ncofni\u0119cia zgody.<o:p><\/o:p><\/span><\/i><\/p><p class=\"MsoNormal\"><i><span style=\"font-size:10.0pt;line-height:115%\">\u2022&nbsp;&nbsp;&nbsp;&nbsp;&nbsp;&nbsp;&nbsp;&nbsp;&nbsp;&nbsp;&nbsp;&nbsp; Kandydat\nposiada prawo dost\u0119pu do tre\u015bci swoich danych oraz prawo do ich sprostowania,\nusuni\u0119cia, ograniczenia przetwarzania, prawo do przenoszenia danych, prawo\nwniesienia sprzeciwu oraz prawo do cofni\u0119cia niniejszej zgody, a tak\u017ce prawo do\nwniesienia skargi do Prezesa UODO &#8211; w razie przetwarzania danych osobowych z\nnaruszeniem przepis\u00f3w Rozporz\u0105dzenia Parlamentu Europejskiego i Rady (UE)\n2016\/679 z dnia 27 kwietnia 2016 r. (RODO) lub innych powszechnie\nobowi\u0105zuj\u0105cych przepis\u00f3w prawa (na adres Urz\u0119du Ochrony Danych Osobowych, ul.\nStawki 2, 00 &#8211; 193 Warszawa).<o:p><\/o:p><\/span><\/i><\/p><p class=\"MsoNormal\"><i><span style=\"font-size:10.0pt;line-height:115%\">\u2022&nbsp;&nbsp;&nbsp;&nbsp;&nbsp;&nbsp;&nbsp;&nbsp;&nbsp;&nbsp;&nbsp;&nbsp; Odbiorcami\ndanych osobowych Kandydata mog\u0105 by\u0107 podmioty, kt\u00f3rym MPK \u201e\u015awidnica\u201d <br>\nSp. z o.o. zleci przeprowadzenie proces\u00f3w rekrutacyjnych. <o:p><\/o:p><\/span><\/i><\/p><p class=\"MsoNormal\"><i><span style=\"font-size:10.0pt;line-height:115%\">\u2022&nbsp;&nbsp;&nbsp;&nbsp;&nbsp;&nbsp;&nbsp;&nbsp;&nbsp;&nbsp;&nbsp;&nbsp; Podanie\nprzez Kandydata danych osobowych w zakresie okre\u015blonym w art. 221 Kodeksu pracy\njest niezb\u0119dne, aby uczestniczy\u0107 w post\u0119powaniu rekrutacyjnym. Podanie przez\nKandydata innego rodzaju danych osobowych jest dobrowolne.<o:p><\/o:p><\/span><\/i><\/p><p class=\"MsoNormal\" style=\"text-align: center;\" align=\"center\">\n\n\n\n\n\n\n\n\n\n\n\n\n\n\n\n\n\n\n\n\n\n\n\n\n\n\n\n\n\n\n\n\n\n\n\n\n\n\n\n\n\n\n\n\n\n\n\n<\/p><p class=\"MsoNormal\"><i><span style=\"font-size:10.0pt;line-height:115%\">\u2022&nbsp;&nbsp;&nbsp;&nbsp;&nbsp;&nbsp;&nbsp;&nbsp;&nbsp;&nbsp;&nbsp;&nbsp; Dane\nnie b\u0119d\u0105 przetwarzanie w spos\u00f3b automatyczny i nie b\u0119d\u0105 profilowane.<o:p><\/o:p><\/span><\/i><\/p>\n<p class=\"MsoNormal\"><i><span style=\"font-size: 10.0pt; line-height: 115%;\">&nbsp;<\/span><\/i><\/p><\/div>\n\t\t\t\t<\/div>\n\t\t\t\t\t\t\t<div class=\"elementor-toggle-item\">\n\t\t\t\t\t<div id=\"elementor-tab-title-1422\" class=\"elementor-tab-title\" data-tab=\"2\" role=\"tab\" aria-controls=\"elementor-tab-content-1422\">\n\t\t\t\t\t\t\t\t\t\t\t\t<span class=\"elementor-toggle-icon elementor-toggle-icon-left\" aria-hidden=\"true\">\n\t\t\t\t\t\t\t\t\t\t\t\t\t\t\t<span class=\"elementor-toggle-icon-closed\"><i class=\"fas fa-caret-right\"><\/i><\/span>\n\t\t\t\t\t\t\t\t<span class=\"elementor-toggle-icon-opened\"><i class=\"elementor-toggle-icon-opened fas fa-caret-up\"><\/i><\/span>\n\t\t\t\t\t\t\t\t\t\t\t\t\t<\/span>\n\t\t\t\t\t\t\t\t\t\t\t\t<a href=\"\" class=\"elementor-toggle-title\">OG\u0141OSZENIE - PRACA DLA ELEKTRYKA-MECHANIKA<\/a>\n\t\t\t\t\t<\/div>\n\t\t\t\t\t<div id=\"elementor-tab-content-1422\" class=\"elementor-tab-content elementor-clearfix\" data-tab=\"2\" role=\"tabpanel\" aria-labelledby=\"elementor-tab-title-1422\"><p><strong>OG\u0141OSZENIE \u2013 PRACA!!!<\/strong><\/p><p>\u00a0<\/p><p>W zwi\u0105zku z dynamicznym rozwojem firmy, Miejskie Przedsi\u0119biorstwo Komunikacyjne \u201e\u015awidnica\u201d Sp. z o.o., poszukuj\u0119 os\u00f3b do <strong>naprawy i konserwacji autobus\u00f3w<\/strong>.<\/p><p>\u00a0<\/p><p>Od kandydat\u00f3w oczekujemy:<\/p><ul><li>Wykszta\u0142cenia kierunkowego (mechanik\/ elektromechanik samochodowy)<\/li><li>Do\u015bwiadczenia w zawodzie<\/li><li>Aktualne uprawnienia elektryka<\/li><li>Gotowo\u015bci do pracy w trybie zmianowym<\/li><li>Dyspozycyjno\u015bci<\/li><li>Odporno\u015bci na stres<\/li><li>Wysokiej kultury osobistej<\/li><li><u>Mile widziane prawo jazdy kat. D, DE<\/u><\/li><\/ul><p>W zamian oferujemy:<\/p><ul><li>Stabilne warunki pracy w firmie z wieloletni\u0105 tradycj\u0105<\/li><li>Zatrudnienie w oparciu o umow\u0119 o prac\u0119<\/li><li>Pakiet socjalny wspieraj\u0105cy wypoczynek pracownik\u00f3w<\/li><li>Preferencyjne warunki korzystania z us\u0142ug w\u0142asnych<\/li><\/ul><p>\u00a0<\/p><p>Osoby zainteresowane prosimy o przes\u0142anie aplikacji wraz ze zgod\u0105 na przetwarzanie danych osobowych na adres mail: <a href=\"mailto:sekretariat@mpk.swidnica.pl\">sekretariat@mpk.swidnica.pl<\/a> lub Miejskie Przedsi\u0119biorstwo Komunikacyjne \u201e\u015awidnica\u201d Sp. z o.o. ul. In\u017cynierska 6, 58-100 \u015awidnica.<\/p><p><strong><em>\u00a0<\/em><\/strong><\/p><p><strong><em>\u00a0<\/em><\/strong><\/p><p><strong><em>\u00a0<\/em><\/strong><\/p><p><strong><em>\u00a0<\/em><\/strong><\/p><p><strong><em>\u00a0<\/em><\/strong><\/p><p><strong><em>Klauzula informacyjna o przetwarzaniu danych osobowych<\/em><\/strong><\/p><p><em>Administratorem danych osobowych zebranych w trakcie procesu rekrutacji b\u0119dzie Miejskie Przedsi\u0119biorstwo Komunikacyjne \u201e\u015awidnica\u201d Sp. z o. o. z siedzib\u0105 w \u015awidnicy (58-100) przy ul. In\u017cynierskiej 6, zarejestrowana w Rejestrze Przedsi\u0119biorc\u00f3w prowadzonym przez S\u0105d Rejonowy dla Wroc\u0142awia-Fabrycznej we Wroc\u0142awiu, IX Wydzia\u0142 Gospodarczy pod numerem KRS: 0000217735, NIP: 8842501652, REGON: 891524718. <\/em><\/p><p><em>Kontakt z Inspektorem Ochrony Danych w sprawach zwi\u0105zanych z ochron\u0105 danych mo\u017cliwy jest pod adresem email <a href=\"mailto:sekretariat@mpk.swidnica.pl\">sekretariat@mpk.swidnica.pl<\/a>.<\/em><\/p><ul><li><em>Dane osobowe Kandydat\u00f3w b\u0119d\u0105 przetwarzane w celu przeprowadzenia procesu rekrutacyjnego:<\/em><\/li><\/ul><p><em>&#8211; na \u017c\u0105danie Kandydata do pracy przez co rozumie si\u0119 otrzymanie przez Administratora CV\/listu motywacyjnego, dane osobowe b\u0119d\u0105 przetwarzane w celu przeprowadzenia obecnego post\u0119powania rekrutacyjnego w zakresie wskazanym w przepisach prawa pracy (art. 6 ust. 1 lit. b RODO), natomiast inne dane, w tym dane do kontaktu, na podstawie zgody (art. 6 ust. 1 lit. a RODO), kt\u00f3ra mo\u017ce zosta\u0107 odwo\u0142ana w ka\u017cdym czasie.<\/em><\/p><p><em>&#8211; w celu realizacji przysz\u0142ych proces\u00f3w rekrutacji \u2013 w razie wyra\u017cenia zgody na przetwarzanie danych w tym celu (art. 6 ust. 1 lit. a RODO). <\/em><\/p><p><em>&#8211; je\u015bli w dokumentach zawarte s\u0105 dane o charakterze wra\u017cliwym, o kt\u00f3rych mowa w art. 9 ust. 1 RODO, konieczna jest zgoda Kandydata na ich przetwarzanie (art. 6 ust. 1 lit. a RODO).<\/em><\/p><ul><li><em> Dane osobowe b\u0119d\u0105 przetwarzane przez Administratora przez czas trwania procesu rekrutacyjnego, chyba \u017ce Kandydat wyrazi\u0142 zgod\u0119 na przetwarzanie danych w celu przysz\u0142ych proces\u00f3w rekrutacji, jednak\u017ce nie d\u0142u\u017cej ni\u017c przez okres 3 lat od dnia ich pozyskania lub do momentu cofni\u0119cia zgody.<\/em><\/li><li><em> Kandydat posiada prawo dost\u0119pu do tre\u015bci swoich danych oraz prawo do ich sprostowania, usuni\u0119cia, ograniczenia przetwarzania, prawo do przenoszenia danych, prawo wniesienia sprzeciwu oraz prawo do cofni\u0119cia niniejszej zgody, a tak\u017ce prawo do wniesienia skargi do Prezesa UODO &#8211; w razie przetwarzania danych osobowych z naruszeniem przepis\u00f3w Rozporz\u0105dzenia Parlamentu Europejskiego i Rady (UE) 2016\/679 z dnia 27 kwietnia 2016 r. (RODO) lub innych powszechnie obowi\u0105zuj\u0105cych przepis\u00f3w prawa (na adres Urz\u0119du Ochrony Danych Osobowych, ul. Stawki 2, 00 &#8211; 193 Warszawa).<\/em><\/li><li><em> Odbiorcami danych osobowych Kandydata mog\u0105 by\u0107 podmioty, kt\u00f3rym MPK \u201e\u015awidnica\u201d <br \/>Sp. z o.o. zleci przeprowadzenie proces\u00f3w rekrutacyjnych. <\/em><\/li><li><em> Podanie przez Kandydata danych osobowych w zakresie okre\u015blonym w art. 221 Kodeksu pracy jest niezb\u0119dne, aby uczestniczy\u0107 w post\u0119powaniu rekrutacyjnym. Podanie przez Kandydata innego rodzaju danych osobowych jest dobrowolne.<\/em><\/li><li><em> Dane nie b\u0119d\u0105 przetwarzanie w spos\u00f3b automatyczny i nie b\u0119d\u0105 profilowane.<\/em><\/li><\/ul><\/div>\n\t\t\t\t<\/div>\n\t\t\t\t\t<\/div>\n\t\t\t\t<\/div>\n\t\t\t\t<\/div>\n\t\t\t\t\t\t<\/div>\n\t\t\t\t\t<\/div>\n\t\t<\/div>\n\t\t\t\t\t\t\t\t<\/div>\n\t\t\t\t\t<\/div>\n\t\t<\/section>\n\t\t\t\t\t\t<\/div>\n\t\t\t\t\t\t<\/div>\n\t\t\t\t\t<\/div>\n\t\t","protected":false},"excerpt":{"rendered":"<p>OG\u0141OSZENIE &#8211; PRACA DLA KIEROWC\u00d3W W zwi\u0105zku z dynamicznym rozwojem firmy, Miejskie Przedsi\u0119biorstwo Komunikacyjne \u201e\u015awidnica\u201d Sp. z o.o., poszukuj\u0119 os\u00f3b do kierowania autobusem. &nbsp; Od kandydat\u00f3w\/ek oczekujemy: Prawo jazdy kat. D, DE &nbsp;Za\u015bwiadczenia o uko\u0144czonym kursie dla kierowc\u00f3w na przew\u00f3z os\u00f3b Aktualnego za\u015bwiadczenia o niekaralno\u015bci Aktualnego orzeczenia lekarskiego, psychologicznego i bada\u0144 do cel\u00f3w sanitarno-epidemiologicznych Dyspozycyjno\u015bci [&hellip;]<\/p>\n","protected":false},"author":1,"featured_media":0,"parent":0,"menu_order":6,"comment_status":"closed","ping_status":"closed","template":"","meta":[],"_links":{"self":[{"href":"https:\/\/www.mpk.swidnica.pl\/index.php\/wp-json\/wp\/v2\/pages\/147"}],"collection":[{"href":"https:\/\/www.mpk.swidnica.pl\/index.php\/wp-json\/wp\/v2\/pages"}],"about":[{"href":"https:\/\/www.mpk.swidnica.pl\/index.php\/wp-json\/wp\/v2\/types\/page"}],"author":[{"embeddable":true,"href":"https:\/\/www.mpk.swidnica.pl\/index.php\/wp-json\/wp\/v2\/users\/1"}],"replies":[{"embeddable":true,"href":"https:\/\/www.mpk.swidnica.pl\/index.php\/wp-json\/wp\/v2\/comments?post=147"}],"version-history":[{"count":26,"href":"https:\/\/www.mpk.swidnica.pl\/index.php\/wp-json\/wp\/v2\/pages\/147\/revisions"}],"predecessor-version":[{"id":3229,"href":"https:\/\/www.mpk.swidnica.pl\/index.php\/wp-json\/wp\/v2\/pages\/147\/revisions\/3229"}],"wp:attachment":[{"href":"https:\/\/www.mpk.swidnica.pl\/index.php\/wp-json\/wp\/v2\/media?parent=147"}],"curies":[{"name":"wp","href":"https:\/\/api.w.org\/{rel}","templated":true}]}}